{"id":221,"date":"2015-05-19T17:49:38","date_gmt":"2015-05-19T17:49:38","guid":{"rendered":"http:\/\/www.blogdelflorista.es\/wp-content\/uploads\/2015\/05\/SAM_6779-preparaci\u00f3n-rosas-reci\u00e9n-llegadas-1-copia-BAJA1.jpg"},"modified":"2015-05-20T11:41:22","modified_gmt":"2015-05-20T11:41:22","slug":"sam_6779-preparacion-rosas-recien-llegadas-1-copia-baja-2","status":"inherit","type":"attachment","link":"https:\/\/www.blogdelflorista.es\/index.php\/los-proveedores\/sam_6779-preparacion-rosas-recien-llegadas-1-copia-baja-2\/","title":{"rendered":"Preparaci\u00f3n rosas reci\u00e9n llegadas"},"author":1,"comment_status":"open","ping_status":"closed","template":"","meta":{"_mi_skip_tracking":false},"description":{"rendered":"<p class=\"attachment\"><a href='https:\/\/www.blogdelflorista.es\/wp-content\/uploads\/2015\/05\/SAM_6779-preparaci\u00f3n-rosas-reci\u00e9n-llegadas-1-copia-BAJA1.jpg'><img width=\"291\" height=\"300\" src=\"https:\/\/www.blogdelflorista.es\/wp-content\/uploads\/2015\/05\/SAM_6779-preparaci\u00f3n-rosas-reci\u00e9n-llegadas-1-copia-BAJA1-291x300.jpg\" class=\"attachment-medium size-medium\" alt=\"\" loading=\"lazy\" srcset=\"https:\/\/www.blogdelflorista.es\/wp-content\/uploads\/2015\/05\/SAM_6779-preparaci\u00f3n-rosas-reci\u00e9n-llegadas-1-copia-BAJA1-291x300.jpg 291w, https:\/\/www.blogdelflorista.es\/wp-content\/uploads\/2015\/05\/SAM_6779-preparaci\u00f3n-rosas-reci\u00e9n-llegadas-1-copia-BAJA1-994x1024.jpg 994w\" sizes=\"(max-width: 291px) 100vw, 291px\" \/><\/a><\/p>\n"},"caption":{"rendered":""},"alt_text":"","media_type":"image","mime_type":"image\/jpeg","media_details":{"width":3137,"height":3231,"file":"2015\/05\/SAM_6779-preparaci\u00f3n-rosas-reci\u00e9n-llegadas-1-copia-BAJA1.jpg","sizes":{"thumbnail":{"file":"SAM_6779-preparaci\u00f3n-rosas-reci\u00e9n-llegadas-1-copia-BAJA1-150x150.jpg","width":150,"height":150,"mime_type":"image\/jpeg","source_url":"https:\/\/www.blogdelflorista.es\/wp-content\/uploads\/2015\/05\/SAM_6779-preparaci\u00f3n-rosas-reci\u00e9n-llegadas-1-copia-BAJA1-150x150.jpg"},"medium":{"file":"SAM_6779-preparaci\u00f3n-rosas-reci\u00e9n-llegadas-1-copia-BAJA1-291x300.jpg","width":291,"height":300,"mime_type":"image\/jpeg","source_url":"https:\/\/www.blogdelflorista.es\/wp-content\/uploads\/2015\/05\/SAM_6779-preparaci\u00f3n-rosas-reci\u00e9n-llegadas-1-copia-BAJA1-291x300.jpg"},"large":{"file":"SAM_6779-preparaci\u00f3n-rosas-reci\u00e9n-llegadas-1-copia-BAJA1-994x1024.jpg","width":994,"height":1024,"mime_type":"image\/jpeg","source_url":"https:\/\/www.blogdelflorista.es\/wp-content\/uploads\/2015\/05\/SAM_6779-preparaci\u00f3n-rosas-reci\u00e9n-llegadas-1-copia-BAJA1-994x1024.jpg"},"post-thumbnail":{"file":"SAM_6779-preparaci\u00f3n-rosas-reci\u00e9n-llegadas-1-copia-BAJA1-604x270.jpg","width":604,"height":270,"mime_type":"image\/jpeg","source_url":"https:\/\/www.blogdelflorista.es\/wp-content\/uploads\/2015\/05\/SAM_6779-preparaci\u00f3n-rosas-reci\u00e9n-llegadas-1-copia-BAJA1-604x270.jpg"},"full":{"file":"SAM_6779-preparaci\u00f3n-rosas-reci\u00e9n-llegadas-1-copia-BAJA1.jpg","width":3137,"height":3231,"mime_type":"image\/jpeg","source_url":"https:\/\/www.blogdelflorista.es\/wp-content\/uploads\/2015\/05\/SAM_6779-preparaci\u00f3n-rosas-reci\u00e9n-llegadas-1-copia-BAJA1.jpg"}},"image_meta":{"aperture":3.29999999999999982236431605997495353221893310546875,"credit":"","camera":"SAMSUNG PL210, PL211 \/ VLUU PL210, PL211","caption":"","created_timestamp":1431766045,"copyright":"COPYRIGHT, 2011","focal_length":"4.9","iso":"320","shutter_speed":"0.022222222222222","title":"","orientation":1}},"post":28,"source_url":"https:\/\/www.blogdelflorista.es\/wp-content\/uploads\/2015\/05\/SAM_6779-preparaci\u00f3n-rosas-reci\u00e9n-llegadas-1-copia-BAJA1.jpg","_links":{"self":[{"href":"https:\/\/www.blogdelflorista.es\/index.php\/wp-json\/wp\/v2\/media\/221"}],"collection":[{"href":"https:\/\/www.blogdelflorista.es\/index.php\/wp-json\/wp\/v2\/media"}],"about":[{"href":"https:\/\/www.blogdelflorista.es\/index.php\/wp-json\/wp\/v2\/types\/attachment"}],"author":[{"embeddable":true,"href":"https:\/\/www.blogdelflorista.es\/index.php\/wp-json\/wp\/v2\/users\/1"}],"replies":[{"embeddable":true,"href":"https:\/\/www.blogdelflorista.es\/index.php\/wp-json\/wp\/v2\/comments?post=221"}]}}

http://www.blogdelflorista.es/wp-content/uploads/2015/05/SAM_6779-preparación-rosas-recién-llegadas-1-copia-BAJA1.jpg

Preparación rosas recién llegadas

<p class="attachment"><a href='https://www.blogdelflorista.es/wp-content/uploads/2015/05/SAM_6779-preparación-rosas-recién-llegadas-1-copia-BAJA1.jpg'><img width="291" height="300" src="https://www.blogdelflorista.es/wp-content/uploads/2015/05/SAM_6779-preparación-rosas-recién-llegadas-1-copia-BAJA1-291x300.jpg" class="attachment-medium size-medium" alt="" loading="lazy" srcset="https://www.blogdelflorista.es/wp-content/uploads/2015/05/SAM_6779-preparación-rosas-recién-llegadas-1-copia-BAJA1-291x300.jpg 291w, https://www.blogdelflorista.es/wp-content/uploads/2015/05/SAM_6779-preparación-rosas-recién-llegadas-1-copia-BAJA1-994x1024.jpg 994w" sizes="(max-width: 291px) 100vw, 291px" /></a></p>

2015/05/SAM_6779-preparación-rosas-recién-llegadas-1-copia-BAJA1.jpg

SAM_6779-preparación-rosas-recién-llegadas-1-copia-BAJA1-150x150.jpg

https://www.blogdelflorista.es/wp-content/uploads/2015/05/SAM_6779-preparación-rosas-recién-llegadas-1-copia-BAJA1-150x150.jpg

SAM_6779-preparación-rosas-recién-llegadas-1-copia-BAJA1-291x300.jpg

https://www.blogdelflorista.es/wp-content/uploads/2015/05/SAM_6779-preparación-rosas-recién-llegadas-1-copia-BAJA1-291x300.jpg

SAM_6779-preparación-rosas-recién-llegadas-1-copia-BAJA1-994x1024.jpg

https://www.blogdelflorista.es/wp-content/uploads/2015/05/SAM_6779-preparación-rosas-recién-llegadas-1-copia-BAJA1-994x1024.jpg

SAM_6779-preparación-rosas-recién-llegadas-1-copia-BAJA1-604x270.jpg

https://www.blogdelflorista.es/wp-content/uploads/2015/05/SAM_6779-preparación-rosas-recién-llegadas-1-copia-BAJA1-604x270.jpg

SAM_6779-preparación-rosas-recién-llegadas-1-copia-BAJA1.jpg

https://www.blogdelflorista.es/wp-content/uploads/2015/05/SAM_6779-preparación-rosas-recién-llegadas-1-copia-BAJA1.jpg
