{"id":227,"date":"2015-05-19T17:58:00","date_gmt":"2015-05-19T17:58:00","guid":{"rendered":"http:\/\/www.blogdelflorista.es\/wp-content\/uploads\/2015\/05\/IMG_2241-OK-s\u00ed-recepci\u00f3n-flor-nacional-copia-2-BAJA.jpg"},"modified":"2015-05-20T11:39:27","modified_gmt":"2015-05-20T11:39:27","slug":"img_2241-ok-si-recepcion-flor-nacional-copia-2-baja","status":"inherit","type":"attachment","link":"https:\/\/www.blogdelflorista.es\/index.php\/los-proveedores\/img_2241-ok-si-recepcion-flor-nacional-copia-2-baja\/","title":{"rendered":"Recepci\u00f3n flor nacional"},"author":1,"comment_status":"open","ping_status":"closed","template":"","meta":{"_mi_skip_tracking":false},"description":{"rendered":"<p class=\"attachment\"><a href='https:\/\/www.blogdelflorista.es\/wp-content\/uploads\/2015\/05\/IMG_2241-OK-s\u00ed-recepci\u00f3n-flor-nacional-copia-2-BAJA.jpg'><img width=\"300\" height=\"200\" src=\"https:\/\/www.blogdelflorista.es\/wp-content\/uploads\/2015\/05\/IMG_2241-OK-s\u00ed-recepci\u00f3n-flor-nacional-copia-2-BAJA-300x200.jpg\" class=\"attachment-medium size-medium\" alt=\"\" loading=\"lazy\" srcset=\"https:\/\/www.blogdelflorista.es\/wp-content\/uploads\/2015\/05\/IMG_2241-OK-s\u00ed-recepci\u00f3n-flor-nacional-copia-2-BAJA-300x200.jpg 300w, https:\/\/www.blogdelflorista.es\/wp-content\/uploads\/2015\/05\/IMG_2241-OK-s\u00ed-recepci\u00f3n-flor-nacional-copia-2-BAJA-1024x683.jpg 1024w\" sizes=\"(max-width: 300px) 100vw, 300px\" \/><\/a><\/p>\n"},"caption":{"rendered":""},"alt_text":"","media_type":"image","mime_type":"image\/jpeg","media_details":{"width":4300,"height":2866,"file":"2015\/05\/IMG_2241-OK-s\u00ed-recepci\u00f3n-flor-nacional-copia-2-BAJA.jpg","sizes":{"thumbnail":{"file":"IMG_2241-OK-s\u00ed-recepci\u00f3n-flor-nacional-copia-2-BAJA-150x150.jpg","width":150,"height":150,"mime_type":"image\/jpeg","source_url":"https:\/\/www.blogdelflorista.es\/wp-content\/uploads\/2015\/05\/IMG_2241-OK-s\u00ed-recepci\u00f3n-flor-nacional-copia-2-BAJA-150x150.jpg"},"medium":{"file":"IMG_2241-OK-s\u00ed-recepci\u00f3n-flor-nacional-copia-2-BAJA-300x200.jpg","width":300,"height":200,"mime_type":"image\/jpeg","source_url":"https:\/\/www.blogdelflorista.es\/wp-content\/uploads\/2015\/05\/IMG_2241-OK-s\u00ed-recepci\u00f3n-flor-nacional-copia-2-BAJA-300x200.jpg"},"large":{"file":"IMG_2241-OK-s\u00ed-recepci\u00f3n-flor-nacional-copia-2-BAJA-1024x683.jpg","width":1024,"height":683,"mime_type":"image\/jpeg","source_url":"https:\/\/www.blogdelflorista.es\/wp-content\/uploads\/2015\/05\/IMG_2241-OK-s\u00ed-recepci\u00f3n-flor-nacional-copia-2-BAJA-1024x683.jpg"},"post-thumbnail":{"file":"IMG_2241-OK-s\u00ed-recepci\u00f3n-flor-nacional-copia-2-BAJA-604x270.jpg","width":604,"height":270,"mime_type":"image\/jpeg","source_url":"https:\/\/www.blogdelflorista.es\/wp-content\/uploads\/2015\/05\/IMG_2241-OK-s\u00ed-recepci\u00f3n-flor-nacional-copia-2-BAJA-604x270.jpg"},"full":{"file":"IMG_2241-OK-s\u00ed-recepci\u00f3n-flor-nacional-copia-2-BAJA.jpg","width":4300,"height":2866,"mime_type":"image\/jpeg","source_url":"https:\/\/www.blogdelflorista.es\/wp-content\/uploads\/2015\/05\/IMG_2241-OK-s\u00ed-recepci\u00f3n-flor-nacional-copia-2-BAJA.jpg"}},"image_meta":{"aperture":4,"credit":"","camera":"Canon EOS 700D","caption":"","created_timestamp":1431340602,"copyright":"","focal_length":"21","iso":"100","shutter_speed":"0.025","title":"","orientation":1}},"post":28,"source_url":"https:\/\/www.blogdelflorista.es\/wp-content\/uploads\/2015\/05\/IMG_2241-OK-s\u00ed-recepci\u00f3n-flor-nacional-copia-2-BAJA.jpg","_links":{"self":[{"href":"https:\/\/www.blogdelflorista.es\/index.php\/wp-json\/wp\/v2\/media\/227"}],"collection":[{"href":"https:\/\/www.blogdelflorista.es\/index.php\/wp-json\/wp\/v2\/media"}],"about":[{"href":"https:\/\/www.blogdelflorista.es\/index.php\/wp-json\/wp\/v2\/types\/attachment"}],"author":[{"embeddable":true,"href":"https:\/\/www.blogdelflorista.es\/index.php\/wp-json\/wp\/v2\/users\/1"}],"replies":[{"embeddable":true,"href":"https:\/\/www.blogdelflorista.es\/index.php\/wp-json\/wp\/v2\/comments?post=227"}]}}

http://www.blogdelflorista.es/wp-content/uploads/2015/05/IMG_2241-OK-sí-recepción-flor-nacional-copia-2-BAJA.jpg

Recepción flor nacional

<p class="attachment"><a href='https://www.blogdelflorista.es/wp-content/uploads/2015/05/IMG_2241-OK-sí-recepción-flor-nacional-copia-2-BAJA.jpg'><img width="300" height="200" src="https://www.blogdelflorista.es/wp-content/uploads/2015/05/IMG_2241-OK-sí-recepción-flor-nacional-copia-2-BAJA-300x200.jpg" class="attachment-medium size-medium" alt="" loading="lazy" srcset="https://www.blogdelflorista.es/wp-content/uploads/2015/05/IMG_2241-OK-sí-recepción-flor-nacional-copia-2-BAJA-300x200.jpg 300w, https://www.blogdelflorista.es/wp-content/uploads/2015/05/IMG_2241-OK-sí-recepción-flor-nacional-copia-2-BAJA-1024x683.jpg 1024w" sizes="(max-width: 300px) 100vw, 300px" /></a></p>

2015/05/IMG_2241-OK-sí-recepción-flor-nacional-copia-2-BAJA.jpg

IMG_2241-OK-sí-recepción-flor-nacional-copia-2-BAJA-150x150.jpg

https://www.blogdelflorista.es/wp-content/uploads/2015/05/IMG_2241-OK-sí-recepción-flor-nacional-copia-2-BAJA-150x150.jpg

IMG_2241-OK-sí-recepción-flor-nacional-copia-2-BAJA-300x200.jpg

https://www.blogdelflorista.es/wp-content/uploads/2015/05/IMG_2241-OK-sí-recepción-flor-nacional-copia-2-BAJA-300x200.jpg

IMG_2241-OK-sí-recepción-flor-nacional-copia-2-BAJA-1024x683.jpg

https://www.blogdelflorista.es/wp-content/uploads/2015/05/IMG_2241-OK-sí-recepción-flor-nacional-copia-2-BAJA-1024x683.jpg

IMG_2241-OK-sí-recepción-flor-nacional-copia-2-BAJA-604x270.jpg

https://www.blogdelflorista.es/wp-content/uploads/2015/05/IMG_2241-OK-sí-recepción-flor-nacional-copia-2-BAJA-604x270.jpg

IMG_2241-OK-sí-recepción-flor-nacional-copia-2-BAJA.jpg

https://www.blogdelflorista.es/wp-content/uploads/2015/05/IMG_2241-OK-sí-recepción-flor-nacional-copia-2-BAJA.jpg
