{"id":577,"date":"2015-07-21T14:54:30","date_gmt":"2015-07-21T14:54:30","guid":{"rendered":"http:\/\/www.blogdelflorista.es\/wp-content\/uploads\/2015\/07\/TERESA-ROCAMORA-BAJA.jpg"},"modified":"2015-07-21T15:08:07","modified_gmt":"2015-07-21T15:08:07","slug":"teresa-rocamora-baja","status":"inherit","type":"attachment","link":"https:\/\/www.blogdelflorista.es\/index.php\/2015\/07\/22\/sombreros-florales-nuevos-territorios-para-el-florista\/teresa-rocamora-baja\/","title":{"rendered":"Sombrero floral de Teresa Rocamora, fin de curso Escuela de Arte Floral y Dise\u00f1o de Jardines de Catalu\u00f1a a\u00f1o 2015"},"author":1,"comment_status":"open","ping_status":"closed","template":"","meta":{"_mi_skip_tracking":false},"description":{"rendered":"<p class=\"attachment\"><a href='https:\/\/www.blogdelflorista.es\/wp-content\/uploads\/2015\/07\/TERESA-ROCAMORA-BAJA.jpg'><img width=\"200\" height=\"300\" src=\"https:\/\/www.blogdelflorista.es\/wp-content\/uploads\/2015\/07\/TERESA-ROCAMORA-BAJA-200x300.jpg\" class=\"attachment-medium size-medium\" alt=\"\" loading=\"lazy\" srcset=\"https:\/\/www.blogdelflorista.es\/wp-content\/uploads\/2015\/07\/TERESA-ROCAMORA-BAJA-200x300.jpg 200w, https:\/\/www.blogdelflorista.es\/wp-content\/uploads\/2015\/07\/TERESA-ROCAMORA-BAJA-683x1024.jpg 683w, https:\/\/www.blogdelflorista.es\/wp-content\/uploads\/2015\/07\/TERESA-ROCAMORA-BAJA.jpg 933w\" sizes=\"(max-width: 200px) 100vw, 200px\" \/><\/a><\/p>\n"},"caption":{"rendered":"<p>Sombrero floral de Teresa Rocamora, fin de curso Escuela de Arte Floral y Dise\u00f1o de Jardines de Catalu\u00f1a a\u00f1o 2015<\/p>\n"},"alt_text":"","media_type":"image","mime_type":"image\/jpeg","media_details":{"width":933,"height":1398,"file":"2015\/07\/TERESA-ROCAMORA-BAJA.jpg","sizes":{"thumbnail":{"file":"TERESA-ROCAMORA-BAJA-150x150.jpg","width":150,"height":150,"mime_type":"image\/jpeg","source_url":"https:\/\/www.blogdelflorista.es\/wp-content\/uploads\/2015\/07\/TERESA-ROCAMORA-BAJA-150x150.jpg"},"medium":{"file":"TERESA-ROCAMORA-BAJA-200x300.jpg","width":200,"height":300,"mime_type":"image\/jpeg","source_url":"https:\/\/www.blogdelflorista.es\/wp-content\/uploads\/2015\/07\/TERESA-ROCAMORA-BAJA-200x300.jpg"},"large":{"file":"TERESA-ROCAMORA-BAJA-683x1024.jpg","width":683,"height":1024,"mime_type":"image\/jpeg","source_url":"https:\/\/www.blogdelflorista.es\/wp-content\/uploads\/2015\/07\/TERESA-ROCAMORA-BAJA-683x1024.jpg"},"post-thumbnail":{"file":"TERESA-ROCAMORA-BAJA-604x270.jpg","width":604,"height":270,"mime_type":"image\/jpeg","source_url":"https:\/\/www.blogdelflorista.es\/wp-content\/uploads\/2015\/07\/TERESA-ROCAMORA-BAJA-604x270.jpg"},"full":{"file":"TERESA-ROCAMORA-BAJA.jpg","width":933,"height":1398,"mime_type":"image\/jpeg","source_url":"https:\/\/www.blogdelflorista.es\/wp-content\/uploads\/2015\/07\/TERESA-ROCAMORA-BAJA.jpg"}},"image_meta":{"aperture":4.5,"credit":"","camera":"Canon EOS 60D","caption":"","created_timestamp":1434650632,"copyright":"","focal_length":"36","iso":"400","shutter_speed":"0.02","title":"","orientation":1}},"post":561,"source_url":"https:\/\/www.blogdelflorista.es\/wp-content\/uploads\/2015\/07\/TERESA-ROCAMORA-BAJA.jpg","_links":{"self":[{"href":"https:\/\/www.blogdelflorista.es\/index.php\/wp-json\/wp\/v2\/media\/577"}],"collection":[{"href":"https:\/\/www.blogdelflorista.es\/index.php\/wp-json\/wp\/v2\/media"}],"about":[{"href":"https:\/\/www.blogdelflorista.es\/index.php\/wp-json\/wp\/v2\/types\/attachment"}],"author":[{"embeddable":true,"href":"https:\/\/www.blogdelflorista.es\/index.php\/wp-json\/wp\/v2\/users\/1"}],"replies":[{"embeddable":true,"href":"https:\/\/www.blogdelflorista.es\/index.php\/wp-json\/wp\/v2\/comments?post=577"}]}}

Sombrero floral de Teresa Rocamora, fin de curso Escuela de Arte Floral y Diseño de Jardines de Cataluña año 2015

<p>Sombrero floral de Teresa Rocamora, fin de curso Escuela de Arte Floral y Diseño de Jardines de Cataluña año 2015</p>
