{"id":961,"date":"2016-04-28T09:44:46","date_gmt":"2016-04-28T09:44:46","guid":{"rendered":"http:\/\/www.blogdelflorista.es\/wp-content\/uploads\/2016\/04\/baja-IMG_7683.jpg"},"modified":"2016-04-28T09:45:57","modified_gmt":"2016-04-28T09:45:57","slug":"baja-img_7683","status":"inherit","type":"attachment","link":"https:\/\/www.blogdelflorista.es\/index.php\/2016\/04\/28\/ideas-para-el-dia-de-la-madre-demostracion-floral-de-juan-chamorro-en-flores-el-cale\/baja-img_7683\/","title":{"rendered":"Intervenci\u00f3n de Modesto Gaspar (Oasis); tras \u00e9l, Toni Munera (Flores El Cal\u00e9)"},"author":1,"comment_status":"open","ping_status":"closed","template":"","meta":{"_mi_skip_tracking":false},"description":{"rendered":"<p class=\"attachment\"><a href='https:\/\/www.blogdelflorista.es\/wp-content\/uploads\/2016\/04\/baja-IMG_7683.jpg'><img width=\"200\" height=\"300\" src=\"https:\/\/www.blogdelflorista.es\/wp-content\/uploads\/2016\/04\/baja-IMG_7683-200x300.jpg\" class=\"attachment-medium size-medium\" alt=\"\" loading=\"lazy\" srcset=\"https:\/\/www.blogdelflorista.es\/wp-content\/uploads\/2016\/04\/baja-IMG_7683-200x300.jpg 200w, https:\/\/www.blogdelflorista.es\/wp-content\/uploads\/2016\/04\/baja-IMG_7683-682x1024.jpg 682w, https:\/\/www.blogdelflorista.es\/wp-content\/uploads\/2016\/04\/baja-IMG_7683.jpg 1037w\" sizes=\"(max-width: 200px) 100vw, 200px\" \/><\/a><\/p>\n"},"caption":{"rendered":"<p>Intervenci\u00f3n de Modesto Gaspar (Oasis); tras \u00e9l, Toni Munera (Flores El Cal\u00e9)<\/p>\n"},"alt_text":"","media_type":"image","mime_type":"image\/jpeg","media_details":{"width":1037,"height":1556,"file":"2016\/04\/baja-IMG_7683.jpg","sizes":{"thumbnail":{"file":"baja-IMG_7683-150x150.jpg","width":150,"height":150,"mime_type":"image\/jpeg","source_url":"https:\/\/www.blogdelflorista.es\/wp-content\/uploads\/2016\/04\/baja-IMG_7683-150x150.jpg"},"medium":{"file":"baja-IMG_7683-200x300.jpg","width":200,"height":300,"mime_type":"image\/jpeg","source_url":"https:\/\/www.blogdelflorista.es\/wp-content\/uploads\/2016\/04\/baja-IMG_7683-200x300.jpg"},"large":{"file":"baja-IMG_7683-682x1024.jpg","width":682,"height":1024,"mime_type":"image\/jpeg","source_url":"https:\/\/www.blogdelflorista.es\/wp-content\/uploads\/2016\/04\/baja-IMG_7683-682x1024.jpg"},"post-thumbnail":{"file":"baja-IMG_7683-604x270.jpg","width":604,"height":270,"mime_type":"image\/jpeg","source_url":"https:\/\/www.blogdelflorista.es\/wp-content\/uploads\/2016\/04\/baja-IMG_7683-604x270.jpg"},"full":{"file":"baja-IMG_7683.jpg","width":1037,"height":1556,"mime_type":"image\/jpeg","source_url":"https:\/\/www.blogdelflorista.es\/wp-content\/uploads\/2016\/04\/baja-IMG_7683.jpg"}},"image_meta":{"aperture":4,"credit":"","camera":"Canon EOS 700D","caption":"","created_timestamp":1461494888,"copyright":"","focal_length":"25","iso":"200","shutter_speed":"0.033333333333333","title":"","orientation":1}},"post":956,"source_url":"https:\/\/www.blogdelflorista.es\/wp-content\/uploads\/2016\/04\/baja-IMG_7683.jpg","_links":{"self":[{"href":"https:\/\/www.blogdelflorista.es\/index.php\/wp-json\/wp\/v2\/media\/961"}],"collection":[{"href":"https:\/\/www.blogdelflorista.es\/index.php\/wp-json\/wp\/v2\/media"}],"about":[{"href":"https:\/\/www.blogdelflorista.es\/index.php\/wp-json\/wp\/v2\/types\/attachment"}],"author":[{"embeddable":true,"href":"https:\/\/www.blogdelflorista.es\/index.php\/wp-json\/wp\/v2\/users\/1"}],"replies":[{"embeddable":true,"href":"https:\/\/www.blogdelflorista.es\/index.php\/wp-json\/wp\/v2\/comments?post=961"}]}}

Intervención de Modesto Gaspar (Oasis); tras él, Toni Munera (Flores El Calé)

<p>Intervención de Modesto Gaspar (Oasis); tras él, Toni Munera (Flores El Calé)</p>
