{"id":1613,"date":"2017-07-05T16:58:48","date_gmt":"2017-07-05T16:58:48","guid":{"rendered":"http:\/\/www.blogdelflorista.es\/?page_id=1613"},"modified":"2017-07-06T09:04:33","modified_gmt":"2017-07-06T09:04:33","slug":"reportaje-clip-no-112","status":"publish","type":"page","link":"https:\/\/www.blogdelflorista.es\/index.php\/reportaje-clip-no-112\/","title":{"rendered":"Reportaje Clip n\u00ba 112"},"content":{"rendered":"<p>&nbsp;<\/p>\n<p>Reportaje publicado en p\u00e1ginas 20, 21 y 22 de la revista Clip flores y m\u00e1s n\u00ba 112 (enero-febrero 2017).<\/p>\n<p>Se trata de la primera entrega de una nueva secci\u00f3n titulada \u00abLas flores por su nombre\u00bb, publicada por la revista Clip flores y m\u00e1s, con la colaboraci\u00f3n del Departamento de Comunicaci\u00f3n de Flores El Cal\u00e9.<\/p>\n<p>Este primer art\u00edculo se titula \u00abSan Valent\u00edn, \u00bfregalar flores o plantas?\u00bb<\/p>\n<p><a href=\"http:\/\/www.blogdelflorista.es\/wp-content\/uploads\/2017\/07\/OK-recort.-pag18-clip112.jpg\"><img loading=\"lazy\" class=\"aligncenter size-large wp-image-1615\" src=\"http:\/\/www.blogdelflorista.es\/wp-content\/uploads\/2017\/07\/OK-recort.-pag18-clip112-723x1024.jpg\" alt=\"\" width=\"604\" height=\"855\" srcset=\"https:\/\/www.blogdelflorista.es\/wp-content\/uploads\/2017\/07\/OK-recort.-pag18-clip112-723x1024.jpg 723w, https:\/\/www.blogdelflorista.es\/wp-content\/uploads\/2017\/07\/OK-recort.-pag18-clip112-212x300.jpg 212w, https:\/\/www.blogdelflorista.es\/wp-content\/uploads\/2017\/07\/OK-recort.-pag18-clip112-768x1088.jpg 768w, https:\/\/www.blogdelflorista.es\/wp-content\/uploads\/2017\/07\/OK-recort.-pag18-clip112.jpg 797w\" sizes=\"(max-width: 604px) 100vw, 604px\" \/><\/a><\/p>\n<p><a href=\"http:\/\/www.blogdelflorista.es\/wp-content\/uploads\/2017\/07\/OK-recort.-pag19-clip112.jpg\"><img loading=\"lazy\" class=\"aligncenter size-large wp-image-1616\" src=\"http:\/\/www.blogdelflorista.es\/wp-content\/uploads\/2017\/07\/OK-recort.-pag19-clip112-727x1024.jpg\" alt=\"\" width=\"604\" height=\"851\" srcset=\"https:\/\/www.blogdelflorista.es\/wp-content\/uploads\/2017\/07\/OK-recort.-pag19-clip112-727x1024.jpg 727w, https:\/\/www.blogdelflorista.es\/wp-content\/uploads\/2017\/07\/OK-recort.-pag19-clip112-213x300.jpg 213w, https:\/\/www.blogdelflorista.es\/wp-content\/uploads\/2017\/07\/OK-recort.-pag19-clip112-768x1082.jpg 768w, https:\/\/www.blogdelflorista.es\/wp-content\/uploads\/2017\/07\/OK-recort.-pag19-clip112.jpg 793w\" sizes=\"(max-width: 604px) 100vw, 604px\" \/><\/a><\/p>\n<p><a href=\"http:\/\/www.blogdelflorista.es\/wp-content\/uploads\/2017\/07\/OK-recort-pag20-clip112.jpg\"><img loading=\"lazy\" class=\"aligncenter size-large wp-image-1617\" src=\"http:\/\/www.blogdelflorista.es\/wp-content\/uploads\/2017\/07\/OK-recort-pag20-clip112-720x1024.jpg\" alt=\"\" width=\"604\" height=\"859\" srcset=\"https:\/\/www.blogdelflorista.es\/wp-content\/uploads\/2017\/07\/OK-recort-pag20-clip112-720x1024.jpg 720w, https:\/\/www.blogdelflorista.es\/wp-content\/uploads\/2017\/07\/OK-recort-pag20-clip112-211x300.jpg 211w, https:\/\/www.blogdelflorista.es\/wp-content\/uploads\/2017\/07\/OK-recort-pag20-clip112-768x1092.jpg 768w, https:\/\/www.blogdelflorista.es\/wp-content\/uploads\/2017\/07\/OK-recort-pag20-clip112.jpg 788w\" sizes=\"(max-width: 604px) 100vw, 604px\" \/><\/a><\/p>\n<p>&nbsp;<\/p>\n","protected":false},"excerpt":{"rendered":"<p>&nbsp; Reportaje publicado en p\u00e1ginas 20, 21 y 22 de la revista Clip flores y m\u00e1s n\u00ba 112 (enero-febrero 2017). Se trata de la primera entrega de una nueva secci\u00f3n titulada \u00abLas flores por su nombre\u00bb, publicada por la revista Clip flores y m\u00e1s, con la colaboraci\u00f3n del Departamento de Comunicaci\u00f3n de Flores El Cal\u00e9. &hellip; <a href=\"https:\/\/www.blogdelflorista.es\/index.php\/reportaje-clip-no-112\/\" class=\"more-link\">Seguir leyendo <span class=\"screen-reader-text\">Reportaje Clip n\u00ba 112<\/span> <span class=\"meta-nav\">&rarr;<\/span><\/a><\/p>\n","protected":false},"author":1,"featured_media":0,"parent":0,"menu_order":0,"comment_status":"closed","ping_status":"closed","template":"","meta":{"_mi_skip_tracking":false},"_links":{"self":[{"href":"https:\/\/www.blogdelflorista.es\/index.php\/wp-json\/wp\/v2\/pages\/1613"}],"collection":[{"href":"https:\/\/www.blogdelflorista.es\/index.php\/wp-json\/wp\/v2\/pages"}],"about":[{"href":"https:\/\/www.blogdelflorista.es\/index.php\/wp-json\/wp\/v2\/types\/page"}],"author":[{"embeddable":true,"href":"https:\/\/www.blogdelflorista.es\/index.php\/wp-json\/wp\/v2\/users\/1"}],"replies":[{"embeddable":true,"href":"https:\/\/www.blogdelflorista.es\/index.php\/wp-json\/wp\/v2\/comments?post=1613"}],"version-history":[{"count":2,"href":"https:\/\/www.blogdelflorista.es\/index.php\/wp-json\/wp\/v2\/pages\/1613\/revisions"}],"predecessor-version":[{"id":1641,"href":"https:\/\/www.blogdelflorista.es\/index.php\/wp-json\/wp\/v2\/pages\/1613\/revisions\/1641"}],"wp:attachment":[{"href":"https:\/\/www.blogdelflorista.es\/index.php\/wp-json\/wp\/v2\/media?parent=1613"}],"curies":[{"name":"wp","href":"https:\/\/api.w.org\/{rel}","templated":true}]}}