{"id":1627,"date":"2017-07-06T08:28:12","date_gmt":"2017-07-06T08:28:12","guid":{"rendered":"http:\/\/www.blogdelflorista.es\/?page_id=1627"},"modified":"2017-07-06T09:00:20","modified_gmt":"2017-07-06T09:00:20","slug":"reportaje-clip-no-114","status":"publish","type":"page","link":"https:\/\/www.blogdelflorista.es\/index.php\/reportaje-clip-no-114\/","title":{"rendered":"Reportaje Clip n\u00ba 114"},"content":{"rendered":"<p>Reportaje publicado en p\u00e1ginas 30, 31 y 32 de la revista Clip flores y m\u00e1s n\u00ba 114 (mayo-junio 2017)<\/p>\n<p>Se trata de la tercera entrega de la secci\u00f3n \u201cLas flores por su nombre\u201d, publicada por la revista Clip flores y m\u00e1s, con la colaboraci\u00f3n del Departamento de Comunicaci\u00f3n de Flores El Cal\u00e9.<\/p>\n<p>Este tercer art\u00edculo se titula \u201cPeon\u00edas y hortensias\u201d<\/p>\n<p><a href=\"http:\/\/www.blogdelflorista.es\/wp-content\/uploads\/2017\/07\/OK-recort.-pag30-clip114-1.jpg\"><img loading=\"lazy\" class=\"aligncenter size-large wp-image-1629\" src=\"http:\/\/www.blogdelflorista.es\/wp-content\/uploads\/2017\/07\/OK-recort.-pag30-clip114-1-719x1024.jpg\" alt=\"\" width=\"604\" height=\"860\" srcset=\"https:\/\/www.blogdelflorista.es\/wp-content\/uploads\/2017\/07\/OK-recort.-pag30-clip114-1-719x1024.jpg 719w, https:\/\/www.blogdelflorista.es\/wp-content\/uploads\/2017\/07\/OK-recort.-pag30-clip114-1-211x300.jpg 211w, https:\/\/www.blogdelflorista.es\/wp-content\/uploads\/2017\/07\/OK-recort.-pag30-clip114-1-768x1093.jpg 768w, https:\/\/www.blogdelflorista.es\/wp-content\/uploads\/2017\/07\/OK-recort.-pag30-clip114-1.jpg 793w\" sizes=\"(max-width: 604px) 100vw, 604px\" \/><\/a><\/p>\n<p><a href=\"http:\/\/www.blogdelflorista.es\/wp-content\/uploads\/2017\/07\/OK-recort.-pag31-clip114.jpg\"><img loading=\"lazy\" class=\"aligncenter size-large wp-image-1630\" src=\"http:\/\/www.blogdelflorista.es\/wp-content\/uploads\/2017\/07\/OK-recort.-pag31-clip114-712x1024.jpg\" alt=\"\" width=\"604\" height=\"869\" srcset=\"https:\/\/www.blogdelflorista.es\/wp-content\/uploads\/2017\/07\/OK-recort.-pag31-clip114-712x1024.jpg 712w, https:\/\/www.blogdelflorista.es\/wp-content\/uploads\/2017\/07\/OK-recort.-pag31-clip114-209x300.jpg 209w, https:\/\/www.blogdelflorista.es\/wp-content\/uploads\/2017\/07\/OK-recort.-pag31-clip114-768x1105.jpg 768w, https:\/\/www.blogdelflorista.es\/wp-content\/uploads\/2017\/07\/OK-recort.-pag31-clip114.jpg 785w\" sizes=\"(max-width: 604px) 100vw, 604px\" \/><\/a><\/p>\n<p><a href=\"http:\/\/www.blogdelflorista.es\/wp-content\/uploads\/2017\/07\/OK-recort.-pag32-clip114.jpg\"><img loading=\"lazy\" class=\"aligncenter size-large wp-image-1631\" src=\"http:\/\/www.blogdelflorista.es\/wp-content\/uploads\/2017\/07\/OK-recort.-pag32-clip114-718x1024.jpg\" alt=\"\" width=\"604\" height=\"861\" srcset=\"https:\/\/www.blogdelflorista.es\/wp-content\/uploads\/2017\/07\/OK-recort.-pag32-clip114-718x1024.jpg 718w, https:\/\/www.blogdelflorista.es\/wp-content\/uploads\/2017\/07\/OK-recort.-pag32-clip114-210x300.jpg 210w, https:\/\/www.blogdelflorista.es\/wp-content\/uploads\/2017\/07\/OK-recort.-pag32-clip114-768x1095.jpg 768w, https:\/\/www.blogdelflorista.es\/wp-content\/uploads\/2017\/07\/OK-recort.-pag32-clip114.jpg 789w\" sizes=\"(max-width: 604px) 100vw, 604px\" \/><\/a><\/p>\n<p>&nbsp;<\/p>\n","protected":false},"excerpt":{"rendered":"<p>Reportaje publicado en p\u00e1ginas 30, 31 y 32 de la revista Clip flores y m\u00e1s n\u00ba 114 (mayo-junio 2017) Se trata de la tercera entrega de la secci\u00f3n \u201cLas flores por su nombre\u201d, publicada por la revista Clip flores y m\u00e1s, con la colaboraci\u00f3n del Departamento de Comunicaci\u00f3n de Flores El Cal\u00e9. Este tercer art\u00edculo &hellip; <a href=\"https:\/\/www.blogdelflorista.es\/index.php\/reportaje-clip-no-114\/\" class=\"more-link\">Seguir leyendo <span class=\"screen-reader-text\">Reportaje Clip n\u00ba 114<\/span> <span class=\"meta-nav\">&rarr;<\/span><\/a><\/p>\n","protected":false},"author":1,"featured_media":0,"parent":0,"menu_order":0,"comment_status":"closed","ping_status":"closed","template":"","meta":{"_mi_skip_tracking":false},"_links":{"self":[{"href":"https:\/\/www.blogdelflorista.es\/index.php\/wp-json\/wp\/v2\/pages\/1627"}],"collection":[{"href":"https:\/\/www.blogdelflorista.es\/index.php\/wp-json\/wp\/v2\/pages"}],"about":[{"href":"https:\/\/www.blogdelflorista.es\/index.php\/wp-json\/wp\/v2\/types\/page"}],"author":[{"embeddable":true,"href":"https:\/\/www.blogdelflorista.es\/index.php\/wp-json\/wp\/v2\/users\/1"}],"replies":[{"embeddable":true,"href":"https:\/\/www.blogdelflorista.es\/index.php\/wp-json\/wp\/v2\/comments?post=1627"}],"version-history":[{"count":2,"href":"https:\/\/www.blogdelflorista.es\/index.php\/wp-json\/wp\/v2\/pages\/1627\/revisions"}],"predecessor-version":[{"id":1639,"href":"https:\/\/www.blogdelflorista.es\/index.php\/wp-json\/wp\/v2\/pages\/1627\/revisions\/1639"}],"wp:attachment":[{"href":"https:\/\/www.blogdelflorista.es\/index.php\/wp-json\/wp\/v2\/media?parent=1627"}],"curies":[{"name":"wp","href":"https:\/\/api.w.org\/{rel}","templated":true}]}}