{"id":21,"date":"2015-05-11T13:04:27","date_gmt":"2015-05-11T13:04:27","guid":{"rendered":"http:\/\/www.blogdelflorista.es\/?page_id=21"},"modified":"2018-04-14T09:05:22","modified_gmt":"2018-04-14T09:05:22","slug":"la-empresa","status":"publish","type":"page","link":"https:\/\/www.blogdelflorista.es\/index.php\/la-empresa\/","title":{"rendered":"La empresa"},"content":{"rendered":"<p>&nbsp;<\/p>\n<p>Flores El Cal\u00e9 es una empresa familiar cuyo origen se remonta al a\u00f1o 1974. Dedicada entonces a la venta de plantas naturales, en 1979 cambia su trayectoria y se especializa en la comercializaci\u00f3n de flor cortada a florister\u00edas y mayoristas.<\/p>\n<p>La sede central est\u00e1 en Canals (Valencia), una localidad situada junto a X\u00e0tiva y a escasos 45 minutos de Valencia por autov\u00eda. Sus instalaciones disponen de 2.200 m<sup>2<\/sup> de almac\u00e9n y 840 m<sup>2<\/sup> de c\u00e1mara frigor\u00edfica.<\/p>\n<p>La plantilla actual se compone de 35 trabajadores y existen un total de 9 veh\u00edculos propios de reparto, 7 de ellos frigor\u00edficos.<\/p>\n<div id='gallery-1' class='gallery galleryid-21 gallery-columns-2 gallery-size-medium'><figure class='gallery-item'>\n\t\t\t<div class='gallery-icon landscape'>\n\t\t\t\t<a href='https:\/\/www.blogdelflorista.es\/index.php\/la-empresa\/img_2369-ok-copia-baja\/'><img width=\"300\" height=\"200\" src=\"https:\/\/www.blogdelflorista.es\/wp-content\/uploads\/2015\/05\/IMG_2369-OK-copia-BAJA-300x200.jpg\" class=\"attachment-medium size-medium\" alt=\"\" loading=\"lazy\" aria-describedby=\"gallery-1-279\" srcset=\"https:\/\/www.blogdelflorista.es\/wp-content\/uploads\/2015\/05\/IMG_2369-OK-copia-BAJA-300x200.jpg 300w, https:\/\/www.blogdelflorista.es\/wp-content\/uploads\/2015\/05\/IMG_2369-OK-copia-BAJA-1024x683.jpg 1024w, https:\/\/www.blogdelflorista.es\/wp-content\/uploads\/2015\/05\/IMG_2369-OK-copia-BAJA.jpg 1296w\" sizes=\"(max-width: 300px) 100vw, 300px\" \/><\/a>\n\t\t\t<\/div>\n\t\t\t\t<figcaption class='wp-caption-text gallery-caption' id='gallery-1-279'>\n\t\t\t\tFlores El Cal\u00e9, oficinas\n\t\t\t\t<\/figcaption><\/figure><figure class='gallery-item'>\n\t\t\t<div class='gallery-icon landscape'>\n\t\t\t\t<a href='https:\/\/www.blogdelflorista.es\/index.php\/la-empresa\/baja-img_3338-ximos\/'><img width=\"300\" height=\"200\" src=\"https:\/\/www.blogdelflorista.es\/wp-content\/uploads\/2015\/05\/baja-IMG_3338-ximos-300x200.jpg\" class=\"attachment-medium size-medium\" alt=\"\" loading=\"lazy\" aria-describedby=\"gallery-1-1648\" srcset=\"https:\/\/www.blogdelflorista.es\/wp-content\/uploads\/2015\/05\/baja-IMG_3338-ximos-300x200.jpg 300w, https:\/\/www.blogdelflorista.es\/wp-content\/uploads\/2015\/05\/baja-IMG_3338-ximos-768x512.jpg 768w, https:\/\/www.blogdelflorista.es\/wp-content\/uploads\/2015\/05\/baja-IMG_3338-ximos-1024x683.jpg 1024w, https:\/\/www.blogdelflorista.es\/wp-content\/uploads\/2015\/05\/baja-IMG_3338-ximos.jpg 1815w\" sizes=\"(max-width: 300px) 100vw, 300px\" \/><\/a>\n\t\t\t<\/div>\n\t\t\t\t<figcaption class='wp-caption-text gallery-caption' id='gallery-1-1648'>\n\t\t\t\tNuevas oficinas Flores El Cal\u00e9, Canals\n\t\t\t\t<\/figcaption><\/figure>\n\t\t<\/div>\n\n<p>Actualmente, comercializamos, exclusivamente para profesionales floristas, todo tipo de flores y verdes de corte, tanto nacionales como de importaci\u00f3n; as\u00ed como plantas naturales, complementos y accesorios para florister\u00eda (incluida toda la gama Oasis de la que somos distribuidores), flor liofilizada, etc.<\/p>\n<p>Flores El Cal\u00e9 dispone de un almac\u00e9n en las instalaciones de Mercaflor \u2013 Mercavalencia, para estar m\u00e1s cerca de clientes de Valencia, Castell\u00f3n, Cuenca, etc., que pueden realizar all\u00ed sus compras de lunes a viernes (ma\u00f1ana y tarde, no cerramos a mediod\u00eda) y s\u00e1bados (s\u00f3lo por la ma\u00f1ana).<\/p>\n<div id='gallery-2' class='gallery galleryid-21 gallery-columns-2 gallery-size-medium'><figure class='gallery-item'>\n\t\t\t<div class='gallery-icon landscape'>\n\t\t\t\t<a href='https:\/\/www.blogdelflorista.es\/index.php\/la-empresa\/img-20151118-wa0003-baja-recort\/'><img width=\"300\" height=\"180\" src=\"https:\/\/www.blogdelflorista.es\/wp-content\/uploads\/2015\/05\/IMG-20151118-WA0003-baja-recort.-300x180.jpg\" class=\"attachment-medium size-medium\" alt=\"\" loading=\"lazy\" aria-describedby=\"gallery-2-1702\" srcset=\"https:\/\/www.blogdelflorista.es\/wp-content\/uploads\/2015\/05\/IMG-20151118-WA0003-baja-recort.-300x180.jpg 300w, https:\/\/www.blogdelflorista.es\/wp-content\/uploads\/2015\/05\/IMG-20151118-WA0003-baja-recort.-768x460.jpg 768w, https:\/\/www.blogdelflorista.es\/wp-content\/uploads\/2015\/05\/IMG-20151118-WA0003-baja-recort.-1024x613.jpg 1024w, https:\/\/www.blogdelflorista.es\/wp-content\/uploads\/2015\/05\/IMG-20151118-WA0003-baja-recort..jpg 1355w\" sizes=\"(max-width: 300px) 100vw, 300px\" \/><\/a>\n\t\t\t<\/div>\n\t\t\t\t<figcaption class='wp-caption-text gallery-caption' id='gallery-2-1702'>\n\t\t\t\tInstalaciones Flores El Cal\u00e9 en Mercavalencia\n\t\t\t\t<\/figcaption><\/figure><figure class='gallery-item'>\n\t\t\t<div class='gallery-icon landscape'>\n\t\t\t\t<a href='https:\/\/www.blogdelflorista.es\/index.php\/la-empresa\/baja-el-cale-evento-271-4\/'><img width=\"300\" height=\"178\" src=\"https:\/\/www.blogdelflorista.es\/wp-content\/uploads\/2015\/05\/baja-El-Cal\u00e9-Evento-271-3-300x178.jpg\" class=\"attachment-medium size-medium\" alt=\"\" loading=\"lazy\" aria-describedby=\"gallery-2-1706\" srcset=\"https:\/\/www.blogdelflorista.es\/wp-content\/uploads\/2015\/05\/baja-El-Cal\u00e9-Evento-271-3-300x178.jpg 300w, https:\/\/www.blogdelflorista.es\/wp-content\/uploads\/2015\/05\/baja-El-Cal\u00e9-Evento-271-3-768x455.jpg 768w, https:\/\/www.blogdelflorista.es\/wp-content\/uploads\/2015\/05\/baja-El-Cal\u00e9-Evento-271-3-1024x606.jpg 1024w, https:\/\/www.blogdelflorista.es\/wp-content\/uploads\/2015\/05\/baja-El-Cal\u00e9-Evento-271-3.jpg 1348w\" sizes=\"(max-width: 300px) 100vw, 300px\" \/><\/a>\n\t\t\t<\/div>\n\t\t\t\t<figcaption class='wp-caption-text gallery-caption' id='gallery-2-1706'>\n\t\t\t\tVista parcial interior c\u00e1maras Flores El Cal\u00e9, Canals\n\t\t\t\t<\/figcaption><\/figure>\n\t\t<\/div>\n\n<p style=\"text-align: left;\">\n","protected":false},"excerpt":{"rendered":"<p>&nbsp; Flores El Cal\u00e9 es una empresa familiar cuyo origen se remonta al a\u00f1o 1974. Dedicada entonces a la venta de plantas naturales, en 1979 cambia su trayectoria y se especializa en la comercializaci\u00f3n de flor cortada a florister\u00edas y mayoristas. La sede central est\u00e1 en Canals (Valencia), una localidad situada junto a X\u00e0tiva y &hellip; <a href=\"https:\/\/www.blogdelflorista.es\/index.php\/la-empresa\/\" class=\"more-link\">Seguir leyendo <span class=\"screen-reader-text\">La empresa<\/span> <span class=\"meta-nav\">&rarr;<\/span><\/a><\/p>\n","protected":false},"author":1,"featured_media":0,"parent":0,"menu_order":0,"comment_status":"open","ping_status":"closed","template":"","meta":{"_mi_skip_tracking":false},"_links":{"self":[{"href":"https:\/\/www.blogdelflorista.es\/index.php\/wp-json\/wp\/v2\/pages\/21"}],"collection":[{"href":"https:\/\/www.blogdelflorista.es\/index.php\/wp-json\/wp\/v2\/pages"}],"about":[{"href":"https:\/\/www.blogdelflorista.es\/index.php\/wp-json\/wp\/v2\/types\/page"}],"author":[{"embeddable":true,"href":"https:\/\/www.blogdelflorista.es\/index.php\/wp-json\/wp\/v2\/users\/1"}],"replies":[{"embeddable":true,"href":"https:\/\/www.blogdelflorista.es\/index.php\/wp-json\/wp\/v2\/comments?post=21"}],"version-history":[{"count":12,"href":"https:\/\/www.blogdelflorista.es\/index.php\/wp-json\/wp\/v2\/pages\/21\/revisions"}],"predecessor-version":[{"id":2208,"href":"https:\/\/www.blogdelflorista.es\/index.php\/wp-json\/wp\/v2\/pages\/21\/revisions\/2208"}],"wp:attachment":[{"href":"https:\/\/www.blogdelflorista.es\/index.php\/wp-json\/wp\/v2\/media?parent=21"}],"curies":[{"name":"wp","href":"https:\/\/api.w.org\/{rel}","templated":true}]}}