{"id":3031,"date":"2020-02-06T12:40:53","date_gmt":"2020-02-06T12:40:53","guid":{"rendered":"http:\/\/www.blogdelflorista.es\/?page_id=3031"},"modified":"2020-03-05T12:03:05","modified_gmt":"2020-03-05T12:03:05","slug":"elementor-3031","status":"publish","type":"page","link":"https:\/\/www.blogdelflorista.es\/index.php\/elementor-3031\/","title":{"rendered":"Elementor #3031"},"content":{"rendered":"\t\t<div data-elementor-type=\"wp-page\" data-elementor-id=\"3031\" class=\"elementor elementor-3031\" data-elementor-settings=\"[]\">\n\t\t\t\t\t\t<div class=\"elementor-inner\">\n\t\t\t\t\t\t\t<div class=\"elementor-section-wrap\">\n\t\t\t\t\t\t\t<section class=\"elementor-section elementor-top-section elementor-element elementor-element-1bc6719 elementor-section-boxed elementor-section-height-default elementor-section-height-default\" data-id=\"1bc6719\" data-element_type=\"section\">\n\t\t\t\t\t\t<div class=\"elementor-container elementor-column-gap-default\">\n\t\t\t\t\t\t\t<div class=\"elementor-row\">\n\t\t\t\t\t<div class=\"elementor-column elementor-col-100 elementor-top-column elementor-element elementor-element-3389952\" data-id=\"3389952\" data-element_type=\"column\">\n\t\t\t<div class=\"elementor-column-wrap elementor-element-populated\">\n\t\t\t\t\t\t\t<div class=\"elementor-widget-wrap\">\n\t\t\t\t\t\t<div class=\"elementor-element elementor-element-96317d7 elementor-position-top elementor-vertical-align-top elementor-widget elementor-widget-image-box\" data-id=\"96317d7\" data-element_type=\"widget\" data-widget_type=\"image-box.default\">\n\t\t\t\t<div class=\"elementor-widget-container\">\n\t\t\t<div class=\"elementor-image-box-wrapper\"><figure class=\"elementor-image-box-img\"><a href=\"http:\/\/www.blogdelflorista.es\/index.php\/elementor-3038\/\"><img width=\"1169\" height=\"827\" src=\"https:\/\/www.blogdelflorista.es\/wp-content\/uploads\/2020\/01\/CartelPonenciaTeresa_FinalWeb.jpg\" class=\"elementor-animation-pulse attachment-full size-full\" alt=\"\" loading=\"lazy\" srcset=\"https:\/\/www.blogdelflorista.es\/wp-content\/uploads\/2020\/01\/CartelPonenciaTeresa_FinalWeb.jpg 1169w, https:\/\/www.blogdelflorista.es\/wp-content\/uploads\/2020\/01\/CartelPonenciaTeresa_FinalWeb-300x212.jpg 300w, https:\/\/www.blogdelflorista.es\/wp-content\/uploads\/2020\/01\/CartelPonenciaTeresa_FinalWeb-1024x724.jpg 1024w, https:\/\/www.blogdelflorista.es\/wp-content\/uploads\/2020\/01\/CartelPonenciaTeresa_FinalWeb-768x543.jpg 768w\" sizes=\"(max-width: 1169px) 100vw, 1169px\" \/><\/a><\/figure><div class=\"elementor-image-box-content\"><h3 class=\"elementor-image-box-title\"><a href=\"http:\/\/www.blogdelflorista.es\/index.php\/elementor-3038\/\">APRENDE A VENDER POR INTERNET<\/a><\/h3><p class=\"elementor-image-box-description\">Flores el Cal\u00e9 en colaboraci\u00f3n con Marketing Floristas, organiza el pr\u00f3ximo d\u00eda 19 un Taller sobre la Digitalizaci\u00f3n de las ventas en vuestra florister\u00eda. <br><br><br><\/p><\/div><\/div>\t\t<\/div>\n\t\t\t\t<\/div>\n\t\t\t\t\t\t<\/div>\n\t\t\t\t\t<\/div>\n\t\t<\/div>\n\t\t\t\t\t\t\t\t<\/div>\n\t\t\t\t\t<\/div>\n\t\t<\/section>\n\t\t\t\t<section class=\"elementor-section elementor-top-section elementor-element elementor-element-ca19ebb elementor-section-boxed elementor-section-height-default elementor-section-height-default\" data-id=\"ca19ebb\" data-element_type=\"section\">\n\t\t\t\t\t\t<div class=\"elementor-container elementor-column-gap-default\">\n\t\t\t\t\t\t\t<div class=\"elementor-row\">\n\t\t\t\t\t<div class=\"elementor-column elementor-col-100 elementor-top-column elementor-element elementor-element-78d9333\" data-id=\"78d9333\" data-element_type=\"column\">\n\t\t\t<div class=\"elementor-column-wrap elementor-element-populated\">\n\t\t\t\t\t\t\t<div class=\"elementor-widget-wrap\">\n\t\t\t\t\t\t<div class=\"elementor-element elementor-element-f3104e8 elementor-position-top elementor-vertical-align-top elementor-widget elementor-widget-image-box\" data-id=\"f3104e8\" data-element_type=\"widget\" data-widget_type=\"image-box.default\">\n\t\t\t\t<div class=\"elementor-widget-container\">\n\t\t\t<div class=\"elementor-image-box-wrapper\"><figure class=\"elementor-image-box-img\"><a href=\"http:\/\/www.blogdelflorista.es\/index.php\/3077\/\"><img width=\"992\" height=\"992\" src=\"https:\/\/www.blogdelflorista.es\/wp-content\/uploads\/2020\/02\/BOUQUETS-FLORALES-feb-2020blog.png\" class=\"elementor-animation-pulse attachment-full size-full\" alt=\"\" loading=\"lazy\" srcset=\"https:\/\/www.blogdelflorista.es\/wp-content\/uploads\/2020\/02\/BOUQUETS-FLORALES-feb-2020blog.png 992w, https:\/\/www.blogdelflorista.es\/wp-content\/uploads\/2020\/02\/BOUQUETS-FLORALES-feb-2020blog-300x300.png 300w, https:\/\/www.blogdelflorista.es\/wp-content\/uploads\/2020\/02\/BOUQUETS-FLORALES-feb-2020blog-150x150.png 150w, https:\/\/www.blogdelflorista.es\/wp-content\/uploads\/2020\/02\/BOUQUETS-FLORALES-feb-2020blog-768x768.png 768w\" sizes=\"(max-width: 992px) 100vw, 992px\" \/><\/a><\/figure><div class=\"elementor-image-box-content\"><h3 class=\"elementor-image-box-title\"><a href=\"http:\/\/www.blogdelflorista.es\/index.php\/3077\/\">BUQUETS FLORALES<\/a><\/h3><p class=\"elementor-image-box-description\">Curso B\u00e1sico de Buquets Florales. 19,20 y 21 de Febrero. Impartido por Francesc Porres (Escola Catalana de Disseny Floral)<\/p><\/div><\/div>\t\t<\/div>\n\t\t\t\t<\/div>\n\t\t\t\t\t\t<\/div>\n\t\t\t\t\t<\/div>\n\t\t<\/div>\n\t\t\t\t\t\t\t\t<\/div>\n\t\t\t\t\t<\/div>\n\t\t<\/section>\n\t\t\t\t<section class=\"elementor-section elementor-top-section elementor-element elementor-element-f8746ad elementor-section-boxed elementor-section-height-default elementor-section-height-default\" data-id=\"f8746ad\" data-element_type=\"section\">\n\t\t\t\t\t\t<div class=\"elementor-container elementor-column-gap-default\">\n\t\t\t\t\t\t\t<div class=\"elementor-row\">\n\t\t\t\t\t<div class=\"elementor-column elementor-col-100 elementor-top-column elementor-element elementor-element-61a1898\" data-id=\"61a1898\" data-element_type=\"column\">\n\t\t\t<div class=\"elementor-column-wrap elementor-element-populated\">\n\t\t\t\t\t\t\t<div class=\"elementor-widget-wrap\">\n\t\t\t\t\t\t<div class=\"elementor-element elementor-element-1a907b0 elementor-position-top elementor-vertical-align-top elementor-widget elementor-widget-image-box\" data-id=\"1a907b0\" data-element_type=\"widget\" data-widget_type=\"image-box.default\">\n\t\t\t\t<div class=\"elementor-widget-container\">\n\t\t\t<div class=\"elementor-image-box-wrapper\"><figure class=\"elementor-image-box-img\"><img width=\"300\" height=\"300\" src=\"https:\/\/www.blogdelflorista.es\/wp-content\/uploads\/2020\/01\/cartel-300x300.jpg\" class=\"attachment-medium size-medium\" alt=\"\" loading=\"lazy\" srcset=\"https:\/\/www.blogdelflorista.es\/wp-content\/uploads\/2020\/01\/cartel-300x300.jpg 300w, https:\/\/www.blogdelflorista.es\/wp-content\/uploads\/2020\/01\/cartel-1024x1024.jpg 1024w, https:\/\/www.blogdelflorista.es\/wp-content\/uploads\/2020\/01\/cartel-150x150.jpg 150w, https:\/\/www.blogdelflorista.es\/wp-content\/uploads\/2020\/01\/cartel-768x768.jpg 768w, https:\/\/www.blogdelflorista.es\/wp-content\/uploads\/2020\/01\/cartel.jpg 1200w\" sizes=\"(max-width: 300px) 100vw, 300px\" \/><\/figure><div class=\"elementor-image-box-content\"><h3 class=\"elementor-image-box-title\">OFICIAL FLORISTA<\/h3><p class=\"elementor-image-box-description\">E N&nbsp; C U R S O\n\nNOVIEMBRE 2019 HASTA ABRIL 2020 \"OFICIAL FLORISTA\" - FRANCES PORRES - ESCUELA CATALANA DE DISSENY FLORAL I PAISATGISME\n\n\nSEMANA 1 RAMOS DE MANO <br>Del 9 al 13 Noviembre 2019<br>\n\nSEMANA 2 TIENDA Y MARKETING<br>Del 11 al 15 Diciembre 2019<br>\n\nSEMANA 3 NOVIAS Y EVENTOS<br>Del 9 al 13 Enero 2019<br>\n\nSEMANA 4 SIMB\u00d3LICOS Y FUNERARIA<br>Del 20 al 24 Febrero 2020<br>\n\nSEMANA 5 COMPOSICIONES CON PLANTAS<br>Del 24 al 28 Marzo 2020<br>\n\nSEMAN 6 NOVIAS Y EVENTOS II<br>Del 23 al 27 Abril 2020<\/p><\/div><\/div>\t\t<\/div>\n\t\t\t\t<\/div>\n\t\t\t\t\t\t<\/div>\n\t\t\t\t\t<\/div>\n\t\t<\/div>\n\t\t\t\t\t\t\t\t<\/div>\n\t\t\t\t\t<\/div>\n\t\t<\/section>\n\t\t\t\t\t\t<\/div>\n\t\t\t\t\t\t<\/div>\n\t\t\t\t\t<\/div>\n\t\t","protected":false},"excerpt":{"rendered":"<p>APRENDE A VENDER POR INTERNET Flores el Cal\u00e9 en colaboraci\u00f3n con Marketing Floristas, organiza el pr\u00f3ximo d\u00eda 19 un Taller sobre la Digitalizaci\u00f3n de las ventas en vuestra florister\u00eda. BUQUETS FLORALES Curso B\u00e1sico de Buquets Florales. 19,20 y 21 de Febrero. Impartido por Francesc Porres (Escola Catalana de Disseny Floral) OFICIAL FLORISTA E N&nbsp; C &hellip; <a href=\"https:\/\/www.blogdelflorista.es\/index.php\/elementor-3031\/\" class=\"more-link\">Seguir leyendo <span class=\"screen-reader-text\">Elementor #3031<\/span> <span class=\"meta-nav\">&rarr;<\/span><\/a><\/p>\n","protected":false},"author":1,"featured_media":0,"parent":0,"menu_order":0,"comment_status":"closed","ping_status":"closed","template":"","meta":{"_mi_skip_tracking":false},"_links":{"self":[{"href":"https:\/\/www.blogdelflorista.es\/index.php\/wp-json\/wp\/v2\/pages\/3031"}],"collection":[{"href":"https:\/\/www.blogdelflorista.es\/index.php\/wp-json\/wp\/v2\/pages"}],"about":[{"href":"https:\/\/www.blogdelflorista.es\/index.php\/wp-json\/wp\/v2\/types\/page"}],"author":[{"embeddable":true,"href":"https:\/\/www.blogdelflorista.es\/index.php\/wp-json\/wp\/v2\/users\/1"}],"replies":[{"embeddable":true,"href":"https:\/\/www.blogdelflorista.es\/index.php\/wp-json\/wp\/v2\/comments?post=3031"}],"version-history":[{"count":28,"href":"https:\/\/www.blogdelflorista.es\/index.php\/wp-json\/wp\/v2\/pages\/3031\/revisions"}],"predecessor-version":[{"id":3116,"href":"https:\/\/www.blogdelflorista.es\/index.php\/wp-json\/wp\/v2\/pages\/3031\/revisions\/3116"}],"wp:attachment":[{"href":"https:\/\/www.blogdelflorista.es\/index.php\/wp-json\/wp\/v2\/media?parent=3031"}],"curies":[{"name":"wp","href":"https:\/\/api.w.org\/{rel}","templated":true}]}}