{"id":55,"date":"2015-05-12T10:08:47","date_gmt":"2015-05-12T10:08:47","guid":{"rendered":"http:\/\/www.blogdelflorista.es\/?page_id=55"},"modified":"2024-10-21T10:54:37","modified_gmt":"2024-10-21T10:54:37","slug":"aviso-legal","status":"publish","type":"page","link":"https:\/\/www.blogdelflorista.es\/index.php\/aviso-legal\/","title":{"rendered":"Aviso legal"},"content":{"rendered":"<p>El responsable de esta p\u00e1gina web es: FLORES EL CAL\u00c9, SL, sociedad inscrita en el Registro Mercantil de Valencia tomo 4743 libro 2053 folio 216 hoja V-31394, con C.I.F. B96239173 y domicilio social en Camino Azagador, N 1,46650, Canals (VALENCIA).<br \/>\nTambi\u00e9n puedes contactar con nosotros a trav\u00e9s del n\u00famero de tel\u00e9fono 962241772 o a trav\u00e9s del siguiente enlace: <a href=\"https:\/\/www.floreselcale.es\/contact_us.php\">https:\/\/www.floreselcale.es\/contact_us.php<\/a><\/p>\n<h2>Propiedad Intelectual e Industrial<\/h2>\n<p>El dise\u00f1o de este sitio web y sus c\u00f3digos fuente, as\u00ed como los logos, marcas y dem\u00e1s signos<br \/>\ndistintivos que aparecen en el mismo pertenecen a FLORES EL CAL\u00c9, SL y est\u00e1n protegidos<br \/>\npor los correspondientes derechos de propiedad intelectual e industrial.<\/p>\n<h2>\nResponsabilidad de los contenidos<\/h2>\n<p>FLORES EL CAL\u00c9, SL no se hace responsable de la legalidad de otros sitios web de terceros desde los que pueda accederse a esta web. FLORES EL CAL\u00c9, SL tampoco responde por la legalidad de otros sitios web de terceros, que pudieran estar vinculados o enlazados desde<br \/>\nesta web.<\/p>\n<p>FLORES EL CAL\u00c9, SL se reserva el derecho a realizar cambios en el sitio web sin previo aviso, al objeto de mantener actualizada su informaci\u00f3n, a\u00f1adiendo, modificando, corrigiendo o eliminando los contenidos publicados o el dise\u00f1o del portal.<\/p>\n<p>FLORES EL CAL\u00c9, SL no ser\u00e1 responsable del uso que terceros hagan de la informaci\u00f3n publicada en el portal, ni tampoco de los da\u00f1os sufridos o p\u00e9rdidas econ\u00f3micas que, de forma directa o indirecta, produzcan o puedan producir perjuicios econ\u00f3micos, materiales o sobre<br \/>\ndatos, provocados por el uso de dicha informaci\u00f3n.<\/p>\n<h2>\nReproducci\u00f3n de contenidos<\/h2>\n<p>Se proh\u00edbe la reproducci\u00f3n total o parcial de los contenidos publicados en esta web sin la autorizaci\u00f3n previa y por escrito de FLORES EL CAL\u00c9, SL. Toda la informaci\u00f3n relativa a privacidad se encuentra en nuestra Pol\u00edtica de Privacidad.<\/p>\n","protected":false},"excerpt":{"rendered":"<p>El responsable de esta p\u00e1gina web es: FLORES EL CAL\u00c9, SL, sociedad inscrita en el Registro Mercantil de Valencia tomo 4743 libro 2053 folio 216 hoja V-31394, con C.I.F. B96239173 y domicilio social en Camino Azagador, N 1,46650, Canals (VALENCIA). Tambi\u00e9n puedes contactar con nosotros a trav\u00e9s del n\u00famero de tel\u00e9fono 962241772 o a trav\u00e9s &hellip; <a href=\"https:\/\/www.blogdelflorista.es\/index.php\/aviso-legal\/\" class=\"more-link\">Seguir leyendo <span class=\"screen-reader-text\">Aviso legal<\/span> <span class=\"meta-nav\">&rarr;<\/span><\/a><\/p>\n","protected":false},"author":1,"featured_media":0,"parent":0,"menu_order":0,"comment_status":"open","ping_status":"closed","template":"","meta":{"_mi_skip_tracking":false},"_links":{"self":[{"href":"https:\/\/www.blogdelflorista.es\/index.php\/wp-json\/wp\/v2\/pages\/55"}],"collection":[{"href":"https:\/\/www.blogdelflorista.es\/index.php\/wp-json\/wp\/v2\/pages"}],"about":[{"href":"https:\/\/www.blogdelflorista.es\/index.php\/wp-json\/wp\/v2\/types\/page"}],"author":[{"embeddable":true,"href":"https:\/\/www.blogdelflorista.es\/index.php\/wp-json\/wp\/v2\/users\/1"}],"replies":[{"embeddable":true,"href":"https:\/\/www.blogdelflorista.es\/index.php\/wp-json\/wp\/v2\/comments?post=55"}],"version-history":[{"count":4,"href":"https:\/\/www.blogdelflorista.es\/index.php\/wp-json\/wp\/v2\/pages\/55\/revisions"}],"predecessor-version":[{"id":3624,"href":"https:\/\/www.blogdelflorista.es\/index.php\/wp-json\/wp\/v2\/pages\/55\/revisions\/3624"}],"wp:attachment":[{"href":"https:\/\/www.blogdelflorista.es\/index.php\/wp-json\/wp\/v2\/media?parent=55"}],"curies":[{"name":"wp","href":"https:\/\/api.w.org\/{rel}","templated":true}]}}

<p>El responsable de esta página web es: FLORES EL CALÉ, SL, sociedad inscrita en el Registro Mercantil de Valencia tomo 4743 libro 2053 folio 216 hoja V-31394, con C.I.F. B96239173 y domicilio social en Camino Azagador, N 1,46650, Canals (VALENCIA).<br />
También puedes contactar con nosotros a través del número de teléfono 962241772 o a través del siguiente enlace: <a href="https://www.floreselcale.es/contact_us.php">https://www.floreselcale.es/contact_us.php</a></p>
<h2>Propiedad Intelectual e Industrial</h2>
<p>El diseño de este sitio web y sus códigos fuente, así como los logos, marcas y demás signos<br />
distintivos que aparecen en el mismo pertenecen a FLORES EL CALÉ, SL y están protegidos<br />
por los correspondientes derechos de propiedad intelectual e industrial.</p>
<h2>
Responsabilidad de los contenidos</h2>
<p>FLORES EL CALÉ, SL no se hace responsable de la legalidad de otros sitios web de terceros desde los que pueda accederse a esta web. FLORES EL CALÉ, SL tampoco responde por la legalidad de otros sitios web de terceros, que pudieran estar vinculados o enlazados desde<br />
esta web.</p>
<p>FLORES EL CALÉ, SL se reserva el derecho a realizar cambios en el sitio web sin previo aviso, al objeto de mantener actualizada su información, añadiendo, modificando, corrigiendo o eliminando los contenidos publicados o el diseño del portal.</p>
<p>FLORES EL CALÉ, SL no será responsable del uso que terceros hagan de la información publicada en el portal, ni tampoco de los daños sufridos o pérdidas económicas que, de forma directa o indirecta, produzcan o puedan producir perjuicios económicos, materiales o sobre<br />
datos, provocados por el uso de dicha información.</p>
<h2>
Reproducción de contenidos</h2>
<p>Se prohíbe la reproducción total o parcial de los contenidos publicados en esta web sin la autorización previa y por escrito de FLORES EL CALÉ, SL. Toda la información relativa a privacidad se encuentra en nuestra Política de Privacidad.</p>

<p>El responsable de esta página web es: FLORES EL CALÉ, SL, sociedad inscrita en el Registro Mercantil de Valencia tomo 4743 libro 2053 folio 216 hoja V-31394, con C.I.F. B96239173 y domicilio social en Camino Azagador, N 1,46650, Canals (VALENCIA). También puedes contactar con nosotros a través del número de teléfono 962241772 o a través &hellip; <a href="https://www.blogdelflorista.es/index.php/aviso-legal/" class="more-link">Seguir leyendo <span class="screen-reader-text">Aviso legal</span> <span class="meta-nav">&rarr;</span></a></p>
